v) = v**3 - 9*v**2 + 3*v - 11. Let g be b(k). Calculate the greatest common factor of g and 4.
4
Let m(v) = v**3 + 7*v**2 - 10*v + 2. Let k be m(-8). Calculate the greatest common divisor of 2 and k.
2
Let q(d) = d + 1. Let g be q(-2). Let n be g/(4/(-10))*2. Suppose 3*b = -m + 5*m - 217, 2*m - 3*b - 107 = 0. What is the greatest common factor of m and n?
5
Let d be 1/4 + (-1195)/(-20). Suppose -g = 3*g + 120. Let k be ((-16)/5)/(4/g). What is the highest common factor of k and d?
12
Suppose 0 - 85 = 5*v. Let l = -15 - v. What is the greatest common factor of l and 1?
1
Let i(q) = q**2 - 2*q - 1. Let s be i(2). Let y be s/(-3 - 124/(-42)). What is the greatest common factor of 21 and y?
21
Let h(x) be the second derivative of x**4/3 - x**3/3 + x**2/2 + x. Let l be (2/8)/((-5)/(-20)). Let r be h(l). What is the greatest common factor of 9 and r?
3
Let d(q) = -5 - 4*q + 2 - 8*q + 3*q. Let a be d(-5). What is the greatest common factor of a and 21?
21
Let p(d) = d**2 - 14*d + 9. Let l be p(14). What is the greatest common factor of 99 and l?
9
Suppose 3*i = -o + 26, -5*o - 22 - 1 = -2*i. Let n = 129 - 57. What is the highest common factor of n and i?
9
Let p(d) = -d**3 + 4*d**2 + 3*d + 4. Let r be p(5). Let y = 16 + r. What is the highest common divisor of y and 5?
5
Let q(s) = 1 + 85*s**3 - 2*s + 1 - 1. Suppose y = -3*d + 5, 0 = d + 2*y - 5 - 0. Let w be q(d). Calculate the greatest common factor of w and 12.
12
Let p(g) = g**2 + 7*g - 9. Let k be p(-9). What is the highest common factor of 12 and k?
3
Let w be ((-35)/(-15))/((-2)/36). Let b = -24 - w. Calculate the highest common factor of 198 and b.
18
Suppose -20 = -m + 10. Suppose 24 = -3*i + 5*i. What is the highest common divisor of m and i?
6
Let n = -2 - 6. Let j = n + 17. Suppose 3*z + 142 - 412 = 0. What is the highest common divisor of j and z?
9
Suppose -g + 2*g - 49 = -u, -20 = -4*u. Suppose 28 = -5*q - 77. Let w = -10 - q. Calculate the highest common factor of w and g.
11
Let d be (-4)/(-10) + 2/(-5). Suppose d*s = 3*s - 66. Suppose 4*k = -0*k + 264. What is the highest common divisor of s and k?
22
Let w be -7 - -11 - -1*15. What is the greatest common divisor of 171 and w?
19
Suppose x = 4*a + 96, 3*x + 499 = 8*x - a. Suppose 5*y - 35 = x. Calculate the greatest common divisor of y and 27.
27
Let s(q) = -q**2 + 13*q + 10. Let d be s(14). Let c(x) = 3*x**2 - 3*x + 1. Let i be c(4). Let m be i/3 - d/6. Calculate the greatest common factor of 143 and m.
13
Suppose -115 = -6*n - 31. Suppose -2*d + 8 = -6. Calculate the greatest common factor of d and n.
7
Let d(q) be the first derivative of 17*q**4/2 - q**3/3 - q**2/2 + q + 1. Let m be d(1). Calculate the greatest common divisor of m and 11.
11
Let u be (-52)/(-14) + 4/14. Suppose 6*y = y + 30. Let k = y + -5. Calculate the highest common factor of k and u.
1
Let o = 3 - 2. Let f(z) = 13*z. Let w(s) = -27*s. Let n(i) = 9*f(i) + 4*w(i). Let h be n(o). What is the highest common factor of 81 and h?
9
Suppose -108 = -4*o - 4. What is the greatest common divisor of o and 208?
26
Let f be (-1)/3*9/(-1). Let m be 0 + (f - -2) - 1. Let p = m - 0. Calculate the highest common factor of p and 12.
4
Let k(f) = -f**3 - 8*f**2 - 3*f + 2. Let p be k(-8). Calculate the highest common divisor of 156 and p.
26
Suppose 0 = 3*h - 7*h + 96. What is the highest common factor of 3 and h?
3
Let y(a) = a**3 - 6*a**2 + 9*a - 14. Let x be y(5). Let o be (6/(-7))/((-3)/42). What is the greatest common factor of x and o?
6
Suppose 2*y + y + 4 = 4*q, 3*q + 2*y = 3. Calculate the highest common factor of 7 and q.
1
Let g(b) = -7*b**3 - 2*b**2 - b. Let k be g(-1). Suppose 0 = u - k*u + 45. Calculate the greatest common factor of u and 9.
9
Let s = 42 - -35. Calculate the greatest common factor of 7 and s.
7
Let x(z) = -2*z**2 + z - 3*z**2 + 7*z**2. Let n be x(5). What is the greatest common factor of n and 22?
11
Let v = 124 + -109. Calculate the highest common factor of 15 and v.
15
Suppose 109 - 19 = 5*i. Let p = 40 - 38. Calculate the greatest common divisor of p and i.
2
Let p(l) = -l**2 - 4*l + 2. Let c be p(-4). Suppose -c*k = 3*k + 25, -5*k = d. What is the greatest common factor of 5 and d?
5
Let b(m) = -m**2 + 16*m + 17. Let o be b(12). What is the greatest common divisor of o and 13?
13
Let b(h) = -4*h**3 + 3 - 9*h - 3*h**3 + 8*h**2 + 6*h**3. Let j be b(7). Let c be (-2 - j)/(6/68). What is the highest common divisor of c and 17?
17
Let u = 2 - 4. Let i = u + 5. Suppose -2*k - 2 = k + 5*z, -2*z = -k + i. What is the greatest common factor of 9 and k?
1
Suppose 51 = r + 5*q, 2*r + 2*q = q + 75. Calculate the greatest common factor of 12 and r.
12
Let q = 1129 - 777. What is the highest common divisor of q and 32?
32
Let r = 0 - -1. Let y = -15 + 17. Calculate the highest common divisor of r and y.
1
Suppose g - 32 = -10. Let b = -14 + g. Calculate the greatest common divisor of b and 1.
1
Let i(u) = -8*u**3 - 5*u**2 - 3*u. Let z be i(-3). What is the highest common divisor of z and 20?
20
Suppose 6 = 5*j + 2*g - 12, 2*j = 2*g + 10. Let m = j - 1. What is the highest common factor of 3 and m?
3
Let i(d) = 2*d**3 - 3*d**2 + d + 1. Let x be i(2). Let g = 15 - 9. Suppose -g = -n + x. What is the greatest common factor of n and 104?
13
Let h be 2/(-12) - 1/(-6). Suppose 5*f - 3*f - 250 = h. Suppose 3*b = -4*o + 152, -o - 2*o + f = 5*b. What is the greatest common factor of 14 and o?
7
Suppose -18 = 2*x - 222. Calculate the greatest common factor of 6 and x.
6
Let x(m) = -m**2 + 4*m + 7. Let h be x(5). Calculate the greatest common divisor of 2 and h.
2
Suppose n - 68 = -2*i - 2*i, 3*i - 6 = 0. What is the greatest common factor of 40 and n?
20
Suppose 4*t - d - 69 = 0, 0*d + 96 = 5*t + 2*d. Suppose 162 = v - 0. Let x = v + -90. What is the highest common divisor of t and x?
18
Let x be 1/4 - 102/(-8). Suppose 0 = -3*y + 4*f + x, -3*f = y - 0 - 13. Calculate the highest common divisor of 28 and y.
7
Let y = 1 + -3. Let f(z) be the first derivative of z**3/3 - 3*z**2/2 - 2*z + 1. Let c be f(y). What is the greatest common divisor of 8 and c?
8
Let g = 1 - 2. Let t = g + -2. Let c be (-88)/(-3) + (-2)/t. What is the highest common divisor of 10 and c?
10
Let f = -1 + 1. Let l = f - -2. Suppose 0 = 3*v + 5*w - 51, -3*v + 30 = -v + l*w. What is the highest common divisor of v and 12?
12
Let h = -91 + 131. Calculate the highest common divisor of h and 100.
20
Let m = -5 - -6. Let p be (m/3 + 2)*3. What is the highest common factor of 28 and p?
7
Let j(x) = -x**3 + 13*x**2 + 14*x + 9. Let p be j(14). What is the greatest common factor of p and 36?
9
Suppose 35 = -3*c - 1. Let l = 17 + c. Suppose -l*h = -2*h - 150. Calculate the highest common divisor of h and 10.
10
Suppose 0 = 3*v - 0*u - u - 25, 2*v + 5*u = -6. Let r = 15 + -24. Let h = 58 + r. What is the highest common divisor of h and v?
7
Suppose -u = -4 + 1. Suppose -2*d - 24 = -s, 0 = -0*s + 2*s + u*d - 62. What is the highest common divisor of 4 and s?
4
Let z = -4 - -9. Suppose -6*s + 2*s - 18 = -2*f, 0 = -z*f + 4*s + 57. What is the highest common factor of 13 and f?
13
Let r(k) = 13*k**3 + 1. Let d be r(-1). Let h be d/8 + (-23)/(-2). Let u be (4/h)/((-3)/(-60)). Calculate the greatest common factor of 1 and u.
1
Suppose -7 - 9 = -2*u. Let l(c) = -3*c + 2. Let p be l(-2). Suppose p*q - 3*q + 265 = 5*s, q - 3 = 0. Calculate the highest common factor of s and u.
8
Let q = 13 - 28. Let y be 6/q + (-37)/(-5). Let u be (-4)/(-8) - (-207)/6. What is the highest common divisor of y and u?
7
Let p(q) = q**2 - 8*q + 1. Let a be p(8). Let s = -3 + a. Let z be (-2 - -4) + 45 + s. What is the greatest common factor of 15 and z?
15
Suppose -b + 82 = -4*g - 56, -5*b = -4*g - 658. Calculate the highest common divisor of b and 10.
10
Suppose j + 2 = 22. Let o = 5 + 39. Let i = -4 + o. What is the greatest common divisor of i and j?
20
Let h be (5 + -2 + -2)*11. What is the highest common divisor of 11 and h?
11
Suppose l + 150 = 4*l. Let j = l - 28. What is the greatest common divisor of j and 55?
11
Suppose 3*d + 20 = -7. Let q = d + 1. Let i be q/((-11)/9 - -1). Calculate the highest common factor of 9 and i.
9
Let t = 118 + 51. Calculate the highest common divisor of t and 13.
13
Let k(x) = 135*x**2 + 1. Let y 